{"id":3,"date":"2025-08-29T14:46:36","date_gmt":"2025-08-29T14:46:36","guid":{"rendered":"https:\/\/glc-avocat.fr\/?page_id=3"},"modified":"2025-09-27T10:12:52","modified_gmt":"2025-09-27T10:12:52","slug":"confidentialite","status":"publish","type":"page","link":"https:\/\/glc-avocat.fr\/index.php\/confidentialite\/","title":{"rendered":"Mentions l\u00e9gales"},"content":{"rendered":"\n<h2 class=\"wp-block-heading\">Identit\u00e9<\/h2>\n\n\n\n<p>Gbema Leila Aida COULIBALY, avocate exer\u00e7ant \u00e0 titre individuel au Barreau de NANTES, <\/p>\n\n\n\n<p>N\u00b0 SIRET 990 932 964 00010<\/p>\n\n\n\n<h2 class=\"wp-block-heading\">Coordonn\u00e9es : <\/h2>\n\n\n\n<p>Adresse : 06 rue DEURBROUCQ, 44000 NANTES <\/p>\n\n\n\n<p>T\u00e9l : 06 38 21 55 90 <\/p>\n\n\n\n<p>Mail : Contact@glc-avocat.fr <\/p>\n\n\n\n<h2 class=\"wp-block-heading\">Coordonn\u00e9es du m\u00e9diateur de la consommation <\/h2>\n\n\n\n<p>M\u00e9diateur de la consommation de la profession d&rsquo;avocat : Madame Carole PASCAREL <\/p>\n\n\n\n<p>Adresse : 180 boulevard Haussmann, 75008 PARIS<\/p>\n\n\n\n<p>Adresse \u00e9lectronique : <a href=\"mailto:mediateur-conso@mediateur-consommation-avocat.fr\">mediateur-conso@mediateur-consommation-avocat.fr<\/a>&nbsp;<\/p>\n\n\n\n<p>Site internet : <a href=\"http:\/\/mediateur-consommation-avocat.fr\/\" target=\"_blank\" rel=\"noreferrer noopener\">http:\/\/mediateur-consommation-avocat.fr<\/a><\/p>\n\n\n\n<p>H\u00e9bergement et diffusion : Ce site internet est h\u00e9berg\u00e9 et diffus\u00e9 par OVH<\/p>\n\n\n\n<h2 class=\"wp-block-heading\">Respect des obligations l\u00e9gales : <\/h2>\n\n\n\n<p>Conform\u00e9ment \u00e0 la loi \u00ab\u00a0informatique et libert\u00e9s\u00a0\u00bb du 6 janvier 1978, vous disposez d&rsquo;un droit d&rsquo;acc\u00e8s, de rectification et de suppression des donn\u00e9es relatives aux informations vous concernant. <\/p>\n\n\n\n<p>Vous pouvez l&rsquo;exercer en \u00e9crivant \u00e0 : Gbema Leila Aida COULIBALY &#8211; 6 rue DEURBROUCQ 44000 NANTES <\/p>\n\n\n\n<h2 class=\"wp-block-heading\">Propri\u00e9t\u00e9 intellectuelle : <\/h2>\n\n\n\n<p>L&rsquo;ensemble du contenu de ce site est la propri\u00e9t\u00e9 de Gbema Leila Aida COULIBALY, avocate. Les marques, logos et visuels pr\u00e9sents appartiennent \u00e0 leurs propri\u00e9taires respectifs. A ce titre, la production totale ou partielle, effectu\u00e9e \u00e0 partir des \u00e9l\u00e9ments de ce site, sans l&rsquo;autorisation expresse du directeur de la publication est interdite au sens de l&rsquo;article L.713-2 du Code de la propri\u00e9t\u00e9 intellectuelle. <\/p>\n\n\n\n<h2 class=\"wp-block-heading\">Politique de confidentialit\u00e9 <\/h2>\n\n\n\n<p>Le responsable du site s&rsquo;engage \u00e0 ce que la collecte et le traitement d&rsquo;informations personnelles effectu\u00e9 au sein du site, soient exerc\u00e9s conform\u00e9ment \u00e0 la loi n\u00b078-17 du 06 janvier 1978 relative \u00e0 l&rsquo;informatique, aux fichiers et aux libert\u00e9s. Ainsi, le responsable du site garantit la confidentialit\u00e9 des informations transmises. <\/p>\n\n\n\n<h2 class=\"wp-block-heading\">Collecte des donn\u00e9es personnelles : <\/h2>\n\n\n\n<p>Les donn\u00e9es personnelles collect\u00e9e sont uniquement destin\u00e9es \u00e0 un usage interne. En aucun cas ces donn\u00e9es ne seront c\u00e9d\u00e9es ou vendues \u00e0 des tiers. Conform\u00e9ment \u00e0 l&rsquo;article 34 de la loi susvis\u00e9e, les responsables du site garantissent \u00e0 l&rsquo;utilisateur un droit d&rsquo;opposition, d&rsquo;acc\u00e8s et de rectification sur les donn\u00e9es nominatives les concernant.  L&rsquo;utilisateur a la possibilit\u00e9 d&rsquo;exercer ce droit : <\/p>\n\n\n\n<p>En rentrant directement en contact soit par adresse mail, contact@glc-avocat.fr, soit par courrier adress\u00e9 au 06 rue DEURBROUCQ &lsquo;44000 NANTES. <\/p>\n\n\n\n<h2 class=\"wp-block-heading\">Utilisation des cookies <\/h2>\n\n\n\n<p>d\u00e9finition du cookie : Fichier texte envoy\u00e9 au navigateur de l&rsquo;utilisateur par le site internet consult\u00e9 et stock\u00e9 dans son \u00e9quipement terminal. <\/p>\n\n\n\n<p>L&rsquo;utilisateur est inform\u00e9 que, lors de ses visites sur le site, des cookies peuvent \u00eatre install\u00e9s sur son \u00e9quipement terminal. <\/p>\n","protected":false},"excerpt":{"rendered":"<p>Identit\u00e9 Gbema Leila Aida COULIBALY, avocate exer\u00e7ant \u00e0 titre individuel au Barreau de NANTES, N\u00b0 SIRET 990 932 964 00010 Coordonn\u00e9es : Adresse : 06 rue DEURBROUCQ, 44000 NANTES T\u00e9l : 06 38 21 55 90 Mail : Contact@glc-avocat.fr Coordonn\u00e9es du m\u00e9diateur de la consommation M\u00e9diateur de la consommation de la profession d&rsquo;avocat : Madame [&hellip;]<\/p>\n","protected":false},"author":1,"featured_media":0,"parent":0,"menu_order":0,"comment_status":"closed","ping_status":"closed","template":"","meta":{"footnotes":""},"class_list":["post-3","page","type-page","status-publish","hentry"],"_links":{"self":[{"href":"https:\/\/glc-avocat.fr\/index.php\/wp-json\/wp\/v2\/pages\/3","targetHints":{"allow":["GET"]}}],"collection":[{"href":"https:\/\/glc-avocat.fr\/index.php\/wp-json\/wp\/v2\/pages"}],"about":[{"href":"https:\/\/glc-avocat.fr\/index.php\/wp-json\/wp\/v2\/types\/page"}],"author":[{"embeddable":true,"href":"https:\/\/glc-avocat.fr\/index.php\/wp-json\/wp\/v2\/users\/1"}],"replies":[{"embeddable":true,"href":"https:\/\/glc-avocat.fr\/index.php\/wp-json\/wp\/v2\/comments?post=3"}],"version-history":[{"count":5,"href":"https:\/\/glc-avocat.fr\/index.php\/wp-json\/wp\/v2\/pages\/3\/revisions"}],"predecessor-version":[{"id":365,"href":"https:\/\/glc-avocat.fr\/index.php\/wp-json\/wp\/v2\/pages\/3\/revisions\/365"}],"wp:attachment":[{"href":"https:\/\/glc-avocat.fr\/index.php\/wp-json\/wp\/v2\/media?parent=3"}],"curies":[{"name":"wp","href":"https:\/\/api.w.org\/{rel}","templated":true}]}}